[INFO] cloning repository https://github.com/marcusball/drink-list
[INFO] running `Command { std: "git" "-c" "credential.helper=" "-c" "credential.helper=/workspace/cargo-home/bin/git-credential-null" "clone" "--bare" "https://github.com/marcusball/drink-list" "/workspace/cache/git-repos/https%3A%2F%2Fgithub.com%2Fmarcusball%2Fdrink-list", kill_on_drop: false }`
[INFO] [stderr] Cloning into bare repository '/workspace/cache/git-repos/https%3A%2F%2Fgithub.com%2Fmarcusball%2Fdrink-list'...
[INFO] running `Command { std: "git" "rev-parse" "HEAD", kill_on_drop: false }`
[INFO] [stdout] 1cd379be77f7a4b69c8434a5aaed09a3bfdbac80
[INFO] checking marcusball/drink-list against master#cfbc6d4cf1acbac5c025acf8ed68929caa551df3 for pr-75494-beta
[INFO] running `Command { std: "git" "clone" "/workspace/cache/git-repos/https%3A%2F%2Fgithub.com%2Fmarcusball%2Fdrink-list" "/workspace/builds/worker-1/source", kill_on_drop: false }`
[INFO] [stderr] Cloning into '/workspace/builds/worker-1/source'...
[INFO] [stderr] done.
[INFO] validating manifest of git repo https://github.com/marcusball/drink-list on toolchain cfbc6d4cf1acbac5c025acf8ed68929caa551df3
[INFO] running `Command { std: "/workspace/cargo-home/bin/cargo" "+cfbc6d4cf1acbac5c025acf8ed68929caa551df3" "read-manifest" "--manifest-path" "Cargo.toml", kill_on_drop: false }`
[INFO] started tweaking git repo https://github.com/marcusball/drink-list
[INFO] finished tweaking git repo https://github.com/marcusball/drink-list
[INFO] tweaked toml for git repo https://github.com/marcusball/drink-list written to /workspace/builds/worker-1/source/Cargo.toml
[INFO] crate git repo https://github.com/marcusball/drink-list already has a lockfile, it will not be regenerated
[INFO] running `Command { std: "/workspace/cargo-home/bin/cargo" "+cfbc6d4cf1acbac5c025acf8ed68929caa551df3" "fetch" "--locked" "--manifest-path" "Cargo.toml", kill_on_drop: false }`
[INFO] [stderr]  Downloading crates ...
[INFO] [stderr]   Downloaded actix-rt v1.1.0
[INFO] [stderr]   Downloaded derive_more v0.99.5
[INFO] [stderr]   Downloaded pin-project v0.4.6
[INFO] [stderr]   Downloaded pin-project-lite v0.1.2
[INFO] [stderr]   Downloaded tokio v0.2.9
[INFO] [stderr]   Downloaded diesel v1.4.4
[INFO] [stderr]   Downloaded pin-project-internal v0.4.6
[INFO] [stderr]   Downloaded uom v0.27.0
[INFO] running `Command { std: "docker" "create" "-v" "/var/lib/crater-agent-workspace/builds/worker-1/target:/opt/rustwide/target:rw,Z" "-v" "/var/lib/crater-agent-workspace/builds/worker-1/source:/opt/rustwide/workdir:ro,Z" "-v" "/var/lib/crater-agent-workspace/cargo-home:/opt/rustwide/cargo-home:ro,Z" "-v" "/var/lib/crater-agent-workspace/rustup-home:/opt/rustwide/rustup-home:ro,Z" "-e" "SOURCE_DIR=/opt/rustwide/workdir" "-e" "CARGO_TARGET_DIR=/opt/rustwide/target" "-e" "CARGO_HOME=/opt/rustwide/cargo-home" "-e" "RUSTUP_HOME=/opt/rustwide/rustup-home" "-w" "/opt/rustwide/workdir" "-m" "1610612736" "--user" "0:0" "--network" "none" "rustops/crates-build-env@sha256:a636fd89d022f18117e1dc8fb37a0a009933cdbbe082814857f0e2024962d47c" "/opt/rustwide/cargo-home/bin/cargo" "+cfbc6d4cf1acbac5c025acf8ed68929caa551df3" "metadata" "--no-deps" "--format-version=1", kill_on_drop: false }`
[INFO] [stdout] f4b23caf8bb59087688fb9c543c7e9c724607ba5aa7faa528b4be1840e70621a
[INFO] [stderr] WARNING: Your kernel does not support swap limit capabilities or the cgroup is not mounted. Memory limited without swap.
[INFO] running `Command { std: "docker" "start" "-a" "f4b23caf8bb59087688fb9c543c7e9c724607ba5aa7faa528b4be1840e70621a", kill_on_drop: false }`
[INFO] running `Command { std: "docker" "inspect" "f4b23caf8bb59087688fb9c543c7e9c724607ba5aa7faa528b4be1840e70621a", kill_on_drop: false }`
[INFO] running `Command { std: "docker" "rm" "-f" "f4b23caf8bb59087688fb9c543c7e9c724607ba5aa7faa528b4be1840e70621a", kill_on_drop: false }`
[INFO] [stdout] f4b23caf8bb59087688fb9c543c7e9c724607ba5aa7faa528b4be1840e70621a
[INFO] running `Command { std: "docker" "create" "-v" "/var/lib/crater-agent-workspace/builds/worker-1/target:/opt/rustwide/target:rw,Z" "-v" "/var/lib/crater-agent-workspace/builds/worker-1/source:/opt/rustwide/workdir:ro,Z" "-v" "/var/lib/crater-agent-workspace/cargo-home:/opt/rustwide/cargo-home:ro,Z" "-v" "/var/lib/crater-agent-workspace/rustup-home:/opt/rustwide/rustup-home:ro,Z" "-e" "SOURCE_DIR=/opt/rustwide/workdir" "-e" "CARGO_TARGET_DIR=/opt/rustwide/target" "-e" "CARGO_INCREMENTAL=0" "-e" "RUST_BACKTRACE=full" "-e" "RUSTFLAGS=--cap-lints=forbid" "-e" "CARGO_HOME=/opt/rustwide/cargo-home" "-e" "RUSTUP_HOME=/opt/rustwide/rustup-home" "-w" "/opt/rustwide/workdir" "-m" "1610612736" "--user" "0:0" "--network" "none" "rustops/crates-build-env@sha256:a636fd89d022f18117e1dc8fb37a0a009933cdbbe082814857f0e2024962d47c" "/opt/rustwide/cargo-home/bin/cargo" "+cfbc6d4cf1acbac5c025acf8ed68929caa551df3" "check" "--frozen" "--all" "--all-targets" "--message-format=json", kill_on_drop: false }`
[INFO] [stdout] 73747bf560793f38c0cd0f3f8bbdd3900ce92b4771bccf75f701fef8d68efaaa
[INFO] [stderr] WARNING: Your kernel does not support swap limit capabilities or the cgroup is not mounted. Memory limited without swap.
[INFO] running `Command { std: "docker" "start" "-a" "73747bf560793f38c0cd0f3f8bbdd3900ce92b4771bccf75f701fef8d68efaaa", kill_on_drop: false }`
[INFO] [stderr]    Compiling libc v0.2.66
[INFO] [stderr]    Compiling syn v1.0.13
[INFO] [stderr]     Checking futures-sink v0.3.4
[INFO] [stderr]     Checking futures-task v0.3.4
[INFO] [stderr]     Checking futures-io v0.3.4
[INFO] [stderr]    Compiling serde v1.0.106
[INFO] [stderr]     Checking copyless v0.1.4
[INFO] [stderr]    Compiling unicode-segmentation v1.6.0
[INFO] [stderr]     Checking linked-hash-map v0.5.2
[INFO] [stderr]     Checking language-tags v0.2.2
[INFO] [stderr]     Checking sha1 v0.6.0
[INFO] [stderr]    Compiling pq-sys v0.4.6
[INFO] [stderr]     Checking uuid v0.6.5
[INFO] [stderr]     Checking lock_api v0.3.3
[INFO] [stderr]    Compiling num-traits v0.2.11
[INFO] [stderr]    Compiling backtrace-sys v0.1.32
[INFO] [stderr]    Compiling num-integer v0.1.42
[INFO] [stderr]    Compiling indexmap v1.3.1
[INFO] [stderr]     Checking thread_local v1.0.1
[INFO] [stderr]    Compiling brotli-sys v0.3.2
[INFO] [stderr]    Compiling num-bigint v0.2.5
[INFO] [stderr]     Checking http v0.2.0
[INFO] [stderr]    Compiling proc-macro2 v1.0.8
[INFO] [stderr]     Checking log v0.4.8
[INFO] [stderr]     Checking futures-channel v0.3.4
[INFO] [stderr]     Checking lru-cache v0.1.2
[INFO] [stderr]     Checking idna v0.2.0
[INFO] [stderr]     Checking encoding_rs v0.8.22
[INFO] [stderr]     Checking fxhash v0.2.1
[INFO] [stderr]     Checking regex v1.3.3
[INFO] [stderr]    Compiling heck v0.3.1
[INFO] [stderr]    Compiling quote v1.0.2
[INFO] [stderr]     Checking url v2.1.1
[INFO] [stderr]     Checking net2 v0.2.33
[INFO] [stderr]     Checking iovec v0.1.4
[INFO] [stderr]     Checking signal-hook-registry v1.2.0
[INFO] [stderr]     Checking parking_lot_core v0.7.0
[INFO] [stderr]     Checking num_cpus v1.12.0
[INFO] [stderr]     Checking getrandom v0.1.14
[INFO] [stderr]     Checking hostname v0.1.5
[INFO] [stderr]     Checking socket2 v0.3.11
[INFO] [stderr]     Checking time v0.1.42
[INFO] [stderr]     Checking flate2 v1.0.13
[INFO] [stderr]     Checking atty v0.2.14
[INFO] [stderr]     Checking backtrace v0.3.42
[INFO] [stderr]     Checking resolv-conf v0.6.2
[INFO] [stderr]     Checking threadpool v1.7.1
[INFO] [stderr]     Checking rand_core v0.5.1
[INFO] [stderr]     Checking parking_lot v0.10.0
[INFO] [stderr]     Checking mio v0.6.21
[INFO] [stderr]     Checking rand_chacha v0.2.1
[INFO] [stderr]     Checking env_logger v0.7.1
[INFO] [stderr]     Checking scheduled-thread-pool v0.2.3
[INFO] [stderr]     Checking rand v0.7.3
[INFO] [stderr]     Checking r2d2 v0.8.8
[INFO] [stderr]     Checking mio-uds v0.6.7
[INFO] [stderr]     Checking tokio v0.2.9
[INFO] [stderr]     Checking bigdecimal v0.1.0
[INFO] [stderr]     Checking brotli2 v0.3.2
[INFO] [stderr]     Checking tokio-util v0.2.0
[INFO] [stderr]     Checking actix-codec v0.2.0
[INFO] [stderr]    Compiling synstructure v0.12.3
[INFO] [stderr]    Compiling proc-macro-hack v0.5.11
[INFO] [stderr]    Compiling serde_derive v1.0.106
[INFO] [stderr]    Compiling pin-project-internal v0.4.6
[INFO] [stderr]    Compiling derive_more v0.99.5
[INFO] [stderr]    Compiling actix-macros v0.1.1
[INFO] [stderr]    Compiling failure_derive v0.1.6
[INFO] [stderr]    Compiling enum-as-inner v0.3.0
[INFO] [stderr]    Compiling async-trait v0.1.22
[INFO] [stderr]    Compiling actix-web-codegen v0.2.0
[INFO] [stderr]    Compiling diesel_derives v1.4.1
[INFO] [stderr]     Checking failure v0.1.6
[INFO] [stderr]    Compiling futures-macro v0.3.4
[INFO] [stderr]     Checking pin-project v0.4.6
[INFO] [stderr]     Checking futures-util v0.3.4
[INFO] [stderr]     Checking actix-threadpool v0.3.1
[INFO] [stderr]     Checking futures-executor v0.3.4
[INFO] [stderr]     Checking actix-rt v1.1.0
[INFO] [stderr]     Checking actix-service v1.0.5
[INFO] [stderr]     Checking h2 v0.2.1
[INFO] [stderr]     Checking futures v0.3.4
[INFO] [stderr]     Checking trust-dns-proto v0.18.0-alpha.2
[INFO] [stderr]     Checking actix-utils v1.0.6
[INFO] [stderr]     Checking actix-server v1.0.1
[INFO] [stderr]     Checking actix-tls v1.0.0
[INFO] [stderr]     Checking trust-dns-resolver v0.18.0-alpha.2
[INFO] [stderr]     Checking actix-testing v1.0.0
[INFO] [stderr]     Checking chrono v0.4.10
[INFO] [stderr]     Checking serde_json v1.0.51
[INFO] [stderr]     Checking serde_urlencoded v0.6.1
[INFO] [stderr]     Checking actix-router v0.2.4
[INFO] [stderr]     Checking ipnetwork v0.15.1
[INFO] [stderr]     Checking uom v0.27.0
[INFO] [stderr]     Checking actix-connect v1.0.2
[INFO] [stderr]     Checking actix-http v1.0.1
[INFO] [stderr]     Checking diesel v1.4.4
[INFO] [stderr]     Checking awc v1.0.1
[INFO] [stderr]     Checking actix-web v2.0.0
[INFO] [stderr]     Checking actix-cors v0.2.0
[INFO] [stderr]     Checking drink-list v0.1.0 (/opt/rustwide/workdir)
[INFO] [stdout] error[E0554]: `#![feature]` may not be used on the beta release channel
[INFO] [stdout]  --> src/lib.rs:1:1
[INFO] [stdout]   |
[INFO] [stdout] 1 | #![feature(option_result_contains)]
[INFO] [stdout]   | ^^^^^^^^^^^^^^^^^^^^^^^^^^^^^^^^^^^
[INFO] [stdout] 
[INFO] [stdout] 
[INFO] [stdout] error[E0554]: `#![feature]` may not be used on the beta release channel
[INFO] [stdout]  --> src/lib.rs:2:1
[INFO] [stdout]   |
[INFO] [stdout] 2 | #![feature(option_expect_none)]
[INFO] [stdout]   | ^^^^^^^^^^^^^^^^^^^^^^^^^^^^^^^
[INFO] [stdout] 
[INFO] [stdout] 
[INFO] [stdout] warning: unused import: `actix_web::Error as AWError`
[INFO] [stdout]  --> src/db.rs:2:5
[INFO] [stdout]   |
[INFO] [stdout] 2 | use actix_web::Error as AWError;
[INFO] [stdout]   |     ^^^^^^^^^^^^^^^^^^^^^^^^^^^
[INFO] [stdout]   |
[INFO] [stdout]   = note: `#[warn(unused_imports)]` on by default
[INFO] [stdout] 
[INFO] [stdout] 
[INFO] [stdout] warning: unused import: `Duration`
[INFO] [stdout]  --> src/db.rs:4:24
[INFO] [stdout]   |
[INFO] [stdout] 4 | use chrono::{DateTime, Duration, Utc};
[INFO] [stdout]   |                        ^^^^^^^^
[INFO] [stdout] 
[INFO] [stdout] 
[INFO] [stdout] warning: unused import: `schema::entry`
[INFO] [stdout]    --> src/db.rs:340:13
[INFO] [stdout]     |
[INFO] [stdout] 340 |         use schema::entry;
[INFO] [stdout]     |             ^^^^^^^^^^^^^
[INFO] [stdout] 
[INFO] [stdout] 
[INFO] [stdout] warning: unused import: `actix_web::Error as ActixError`
[INFO] [stdout]  --> src/error.rs:2:5
[INFO] [stdout]   |
[INFO] [stdout] 2 | use actix_web::Error as ActixError;
[INFO] [stdout]   |     ^^^^^^^^^^^^^^^^^^^^^^^^^^^^^^
[INFO] [stdout] 
[INFO] [stdout] 
[INFO] [stdout] warning: unused import: `uom::si::f32::*`
[INFO] [stdout]  --> src/import.rs:9:5
[INFO] [stdout]   |
[INFO] [stdout] 9 | use uom::si::f32::*;
[INFO] [stdout]   |     ^^^^^^^^^^^^^^^
[INFO] [stdout] 
[INFO] [stdout] 
[INFO] [stdout] warning: unused imports: `centiliter`, `fluid_ounce`, `liter`, `milliliter`
[INFO] [stdout]   --> src/import.rs:10:23
[INFO] [stdout]    |
[INFO] [stdout] 10 | use uom::si::volume::{centiliter, fluid_ounce, liter, milliliter};
[INFO] [stdout]    |                       ^^^^^^^^^^  ^^^^^^^^^^^  ^^^^^  ^^^^^^^^^^
[INFO] [stdout] 
[INFO] [stdout] 
[INFO] [stdout] error[E0554]: `#![feature]` may not be used on the beta release channel
[INFO] [stdout]  --> src/lib.rs:1:1
[INFO] [stdout]   |
[INFO] [stdout] 1 | #![feature(option_result_contains)]
[INFO] [stdout]   | ^^^^^^^^^^^^^^^^^^^^^^^^^^^^^^^^^^^
[INFO] [stdout] 
[INFO] [stdout] 
[INFO] [stdout] error[E0554]: `#![feature]` may not be used on the beta release channel
[INFO] [stdout]  --> src/lib.rs:2:1
[INFO] [stdout]   |
[INFO] [stdout] 2 | #![feature(option_expect_none)]
[INFO] [stdout]   | ^^^^^^^^^^^^^^^^^^^^^^^^^^^^^^^
[INFO] [stdout] 
[INFO] [stdout] 
[INFO] [stdout] warning: unused import: `actix_web::Error as AWError`
[INFO] [stdout]  --> src/db.rs:2:5
[INFO] [stdout]   |
[INFO] [stdout] 2 | use actix_web::Error as AWError;
[INFO] [stdout]   |     ^^^^^^^^^^^^^^^^^^^^^^^^^^^
[INFO] [stdout]   |
[INFO] [stdout]   = note: `#[warn(unused_imports)]` on by default
[INFO] [stdout] 
[INFO] [stdout] 
[INFO] [stdout] warning: unused import: `Duration`
[INFO] [stdout]  --> src/db.rs:4:24
[INFO] [stdout]   |
[INFO] [stdout] 4 | use chrono::{DateTime, Duration, Utc};
[INFO] [stdout]   |                        ^^^^^^^^
[INFO] [stdout] 
[INFO] [stdout] 
[INFO] [stdout] warning: unused import: `schema::entry`
[INFO] [stdout]    --> src/db.rs:340:13
[INFO] [stdout]     |
[INFO] [stdout] 340 |         use schema::entry;
[INFO] [stdout]     |             ^^^^^^^^^^^^^
[INFO] [stdout] 
[INFO] [stdout] 
[INFO] [stdout] warning: unused import: `actix_web::Error as ActixError`
[INFO] [stdout]  --> src/error.rs:2:5
[INFO] [stdout]   |
[INFO] [stdout] 2 | use actix_web::Error as ActixError;
[INFO] [stdout]   |     ^^^^^^^^^^^^^^^^^^^^^^^^^^^^^^
[INFO] [stdout] 
[INFO] [stdout] 
[INFO] [stdout] warning: unused import: `uom::si::f32::*`
[INFO] [stdout]  --> src/import.rs:9:5
[INFO] [stdout]   |
[INFO] [stdout] 9 | use uom::si::f32::*;
[INFO] [stdout]   |     ^^^^^^^^^^^^^^^
[INFO] [stdout] 
[INFO] [stdout] 
[INFO] [stdout] warning: unused imports: `centiliter`, `fluid_ounce`, `liter`, `milliliter`
[INFO] [stdout]   --> src/import.rs:10:23
[INFO] [stdout]    |
[INFO] [stdout] 10 | use uom::si::volume::{centiliter, fluid_ounce, liter, milliliter};
[INFO] [stdout]    |                       ^^^^^^^^^^  ^^^^^^^^^^^  ^^^^^  ^^^^^^^^^^
[INFO] [stdout] 
[INFO] [stdout] 
[INFO] [stdout] warning: use of deprecated item 'std::error::Error::description': use the Display impl or to_string()
[INFO] [stdout]    --> src/import.rs:363:43
[INFO] [stdout]     |
[INFO] [stdout] 363 |                     e => println!("{}", e.description()),
[INFO] [stdout]     |                                           ^^^^^^^^^^^
[INFO] [stdout]     |
[INFO] [stdout]     = note: `#[warn(deprecated)]` on by default
[INFO] [stdout] 
[INFO] [stdout] 
[INFO] [stdout] warning: use of deprecated item 'std::error::Error::description': use the Display impl or to_string()
[INFO] [stdout]    --> src/import.rs:363:43
[INFO] [stdout]     |
[INFO] [stdout] 363 |                     e => println!("{}", e.description()),
[INFO] [stdout]     |                                           ^^^^^^^^^^^
[INFO] [stdout]     |
[INFO] [stdout]     = note: `#[warn(deprecated)]` on by default
[INFO] [stdout] 
[INFO] [stdout] 
[INFO] [stdout] error: aborting due to 2 previous errors; 7 warnings emitted
[INFO] [stdout] 
[INFO] [stdout] 
[INFO] [stdout] For more information about this error, try `rustc --explain E0554`.
[INFO] [stdout] 
[INFO] [stderr] error: could not compile `drink-list`.
[INFO] [stderr] 
[INFO] [stderr] To learn more, run the command again with --verbose.
[INFO] [stderr] warning: build failed, waiting for other jobs to finish...
[INFO] [stdout] error[E0308]: mismatched types
[INFO] [stdout]    --> src/import.rs:626:13
[INFO] [stdout]     |
[INFO] [stdout] 626 |             min,
[INFO] [stdout]     |             ^^^ expected struct `models::ApproxF32`, found `f32`
[INFO] [stdout] 
[INFO] [stdout] 
[INFO] [stdout] error[E0308]: mismatched types
[INFO] [stdout]    --> src/import.rs:627:13
[INFO] [stdout]     |
[INFO] [stdout] 627 |             max,
[INFO] [stdout]     |             ^^^ expected struct `models::ApproxF32`, found `f32`
[INFO] [stdout] 
[INFO] [stdout] 
[INFO] [stdout] error[E0560]: struct `import::QuantityRange` has no field named `approximate_min`
[INFO] [stdout]    --> src/import.rs:628:13
[INFO] [stdout]     |
[INFO] [stdout] 628 |             approximate_min: apprx_min,
[INFO] [stdout]     |             ^^^^^^^^^^^^^^^ `import::QuantityRange` does not have this field
[INFO] [stdout]     |
[INFO] [stdout]     = note: available fields are: `min`, `max`
[INFO] [stdout] 
[INFO] [stdout] 
[INFO] [stdout] error[E0560]: struct `import::QuantityRange` has no field named `approximate_max`
[INFO] [stdout]    --> src/import.rs:629:13
[INFO] [stdout]     |
[INFO] [stdout] 629 |             approximate_max: apprx_max,
[INFO] [stdout]     |             ^^^^^^^^^^^^^^^ `import::QuantityRange` does not have this field
[INFO] [stdout]     |
[INFO] [stdout]     = note: available fields are: `min`, `max`
[INFO] [stdout] 
[INFO] [stdout] 
[INFO] [stdout] error[E0308]: mismatched types
[INFO] [stdout]    --> src/import.rs:637:13
[INFO] [stdout]     |
[INFO] [stdout] 637 |             min,
[INFO] [stdout]     |             ^^^ expected struct `models::ApproxF32`, found `f32`
[INFO] [stdout] 
[INFO] [stdout] 
[INFO] [stdout] error[E0308]: mismatched types
[INFO] [stdout]    --> src/import.rs:638:13
[INFO] [stdout]     |
[INFO] [stdout] 638 |             max,
[INFO] [stdout]     |             ^^^ expected struct `models::ApproxF32`, found `f32`
[INFO] [stdout] 
[INFO] [stdout] 
[INFO] [stdout] error[E0560]: struct `import::Abv` has no field named `approximate_min`
[INFO] [stdout]    --> src/import.rs:639:13
[INFO] [stdout]     |
[INFO] [stdout] 639 |             approximate_min: apprx_min,
[INFO] [stdout]     |             ^^^^^^^^^^^^^^^ `import::Abv` does not have this field
[INFO] [stdout]     |
[INFO] [stdout]     = note: available fields are: `min`, `max`
[INFO] [stdout] 
[INFO] [stdout] 
[INFO] [stdout] error[E0560]: struct `import::Abv` has no field named `approximate_max`
[INFO] [stdout]    --> src/import.rs:640:13
[INFO] [stdout]     |
[INFO] [stdout] 640 |             approximate_max: apprx_max,
[INFO] [stdout]     |             ^^^^^^^^^^^^^^^ `import::Abv` does not have this field
[INFO] [stdout]     |
[INFO] [stdout]     = note: available fields are: `min`, `max`
[INFO] [stdout] 
[INFO] [stdout] 
[INFO] [stdout] error: aborting due to 10 previous errors; 7 warnings emitted
[INFO] [stdout] 
[INFO] [stdout] 
[INFO] [stdout] Some errors have detailed explanations: E0308, E0554, E0560.
[INFO] [stdout] 
[INFO] [stdout] For more information about an error, try `rustc --explain E0308`.
[INFO] [stdout] 
[INFO] [stderr] error: build failed
[INFO] running `Command { std: "docker" "inspect" "73747bf560793f38c0cd0f3f8bbdd3900ce92b4771bccf75f701fef8d68efaaa", kill_on_drop: false }`
[INFO] running `Command { std: "docker" "rm" "-f" "73747bf560793f38c0cd0f3f8bbdd3900ce92b4771bccf75f701fef8d68efaaa", kill_on_drop: false }`
[INFO] [stdout] 73747bf560793f38c0cd0f3f8bbdd3900ce92b4771bccf75f701fef8d68efaaa
